Suppose -16*m = -20*m + 536. Is m composite?
True
Let g(q) = 6*q**3 + q**2 + q - 1. Let o(v) = -v**2 + 3*v + 4. Let y be o(3). Suppose -3*h - 2 = -y*h. Is g(h) prime?
True
Let m be 4*((-54)/4 + 2). Suppose 20 - 80 = 4*w. Let i = w - m. Is i prime?
True
Let c(n) = -7*n + 6. Let x(y) = -y**3 - 5*y**2 + y. Let d be x(-5). Let j(f) = f**3 + 4*f**2 - 4*f - 2. Let o be j(d). Is c(o) prime?
False
Suppose -2*s = -1 - 9. Suppose 2*r = 3*a - 0*a - 991, 3*r - 1658 = -s*a. Is a prime?
True
Let v be -1 - 6*(-2)/4. Suppose 0 = -v*l + 3*b + 2*b + 55, 0 = 4*l + 3*b - 149. Is l a prime number?
False
Suppose -v - 3*v + 8 = 0. Is v a prime number?
True
Let w(x) = -479*x + 1. Is w(-2) prime?
False
Let q(h) = h**2 + h - 8. Suppose 3*t + t - 3*j + 82 = 0, 0 = 4*t - 4*j + 80. Let n = t + 16. Is q(n) a composite number?
True
Suppose 994 = -4*t - 1126. Let o be 2/11 + t/11. Is 0 - 1 - o/2 a prime number?
True
Is 3*2/(-10) + (-323912)/(-95) prime?
False
Let g(u) = 13*u**2 - 12*u + 30. Is g(11) composite?
False
Let z be -1 + 3 + 1*-2. Let t be z + (-3 + 1 - -1777). Suppose 8*w = 3*w + t. Is w a prime number?
False
Let u(r) = -r**2 + 8*r - 3. Suppose p = -3*x + 19, x - 6 = -p + 5. Let v be u(p). Suppose -v*b - j = -71, -b = 4*b + 5*j - 70. Is b composite?
False
Let o(n) be the second derivative of 59*n**3/6 - 3*n**2 + n. Is o(5) composite?
True
Let u = 4 - 6. Let r = u + 4. Suppose -30 = -4*b - r. Is b prime?
True
Let h(f) = 19*f + 1. Let d(m) = m**3 + m**2 + m - 1. Let q be d(1). Is h(q) prime?
False
Let p be (6/7)/(8/(-56)). Let x be (-1204)/p - (-1)/3. Let c = 328 - x. Is c composite?
False
Suppose s + 0 - 19 = -5*z, -2*s - 4 = -4*z. Let d = s + -5. Is 83*1/(2 + d) a composite number?
False
Suppose -s + 5*s + 4*t = 1272, 5*t - 639 = -2*s. Is s a composite number?
False
Let r(x) = 13*x + 2. Let f be r(-3). Let c = 59 + f. Is c prime?
False
Let x = -3 - -9. Let n be (4/(-3))/(x/63). Is (-4)/n + (-131)/(-7) composite?
False
Let z = 13 + -19. Let i(a) = -a**3 - 4*a**2 - a - 1. Is i(z) a prime number?
False
Let f be 27/12 - (-2)/(-8). Let k be ((-10)/6)/(f/(-6)). Suppose k*j - 2*j - 141 = 0. Is j a composite number?
False
Let n(b) = -b - 10. Let o be n(-12). Suppose s = 5*f - 2, o*s + f = s + 28. Is s a composite number?
False
Let q be -3*(1 + 2/(-6)). Let y be (2 - 2) + -6 - 0. Is ((-11)/(-3))/(q/y) a composite number?
False
Let z(j) = 3*j**2 - 5*j - 4. Is z(5) prime?
False
Suppose -3*s + 4 = -5*s. Let o be -1*(2 + s/1). Let u(d) = -d**2 - d + 91. Is u(o) a prime number?
False
Suppose -6 + 21 = k. Is (-3)/k + (-4492)/(-10) a prime number?
True
Let d(a) = 26*a - 12. Let c be d(8). Let j(l) = l**3 - 2*l**2 + 2*l. Let z be j(3). Let w = c + z. Is w a composite number?
False
Suppose 0 = 4*i + 5*v - 319 - 551, i - 2*v - 224 = 0. Suppose -4*b = -0*b - i. Is b a composite number?
True
Suppose -2*i - 4*x = -1226, 0 = 4*i - 3*x - 2931 + 490. Is i a composite number?
True
Let h(j) = j**3 - 4*j**2 + 4*j + 3. Suppose 1 = 3*k - 11. Is h(k) a composite number?
False
Let z = 920 + -621. Is z a composite number?
True
Let x = 739 + -528. Is x prime?
True
Let k(a) = 25*a**3 - a**2 - 2*a + 2. Let n be 8/14*(-91)/(-26). Is k(n) prime?
False
Let j(x) = -x + 11. Let h be j(7). Suppose h*f + 4*b - 1760 = 0, 3 - 2213 = -5*f - 3*b. Is f a composite number?
True
Let u(d) = -3*d + 10. Let a be u(10). Let o be (a/6)/5*-6. Suppose 5*t + 100 = 3*j, -2*t - 2 = -o*t. Is j a composite number?
True
Let b = 8 - -7. Suppose 20 = 5*l - x, 4*x - 15 - b = -2*l. Suppose 91 = l*u - 4*p, 6*p - 2*p = 4*u - 76. Is u a composite number?
True
Suppose -3*t + 33 = -2*q, -q - t - 12 = -4*t. Let n = q + 36. Is n composite?
True
Let g = 1554 + -276. Let f = g + -713. Is f a composite number?
True
Let i be (-456)/(2 + 1)*-1. Suppose -5*c + 33 = -i. Is c composite?
False
Suppose z = 3*u - 0*z - 7, 2*u = -z - 2. Let w be u - 1 - 1 - -9. Is 428/w + (-2)/4 a composite number?
False
Suppose 58 = 3*x - 179. Is x a composite number?
False
Let r = 2396 + -1137. Is r a composite number?
False
Suppose -3*d = -2*c - 0*c - 121, 3*c - 96 = -3*d. Is d composite?
False
Let f = -135 + 82. Let z(d) = 8*d**2 + 2*d + 2. Let a be z(-2). Let y = a - f. Is y prime?
True
Is ((-1934)/(-6 + 4))/1 a prime number?
True
Suppose -2*l - z + 0*z = -18, -l + 19 = 3*z. Is l a composite number?
False
Let y = 9 - 27. Let v = y - -31. Let f = 8 + v. Is f prime?
False
Let q = -8 - -10. Suppose 3*x = q + 163. Is x prime?
False
Let k = 812 - 253. Suppose 2*t = -3*o + k, 5*o - 268 = 3*t + 651. Is o prime?
False
Suppose -5*m + 2*w = 18 + 22, w = 3*m + 23. Is 3/m + (-270)/(-4) prime?
True
Let z be (0 + 0 - -229) + -1. Suppose 0 = 4*y + 2*d - z, 0*y = 2*y - d - 122. Is y a composite number?
False
Suppose -6 = -2*d - 0. Suppose -132 = -d*o - o. Is o a composite number?
True
Suppose 1476 = 4*u - 0*h + 2*h, 4*u + 3*h - 1472 = 0. Let d = 548 - u. Is d a composite number?
True
Let i = 66 - 32. Is i prime?
False
Let m = -407 + 618. Is m a prime number?
True
Let s be (-344)/10*(-50)/20. Suppose -2*x = -s - 228. Is x a prime number?
True
Let s(k) be the first derivative of k**3/3 - 2*k**2 + 3*k + 3. Let g be s(4). Suppose g*x + 2*m - 191 = 0, -m - 139 = -2*x - 0*m. Is x composite?
False
Let a(d) = -d**3 + 8*d**2 + d - 4. Let v = -16 + 24. Is a(v) composite?
True
Suppose -642 = -3*r - 9. Is r composite?
False
Let b = 49 + -20. Let q = 62 - b. Is q composite?
True
Suppose -97 = -j + 140. Is j composite?
True
Let j(d) = d + 12. Let r be j(-8). Suppose 0 = -5*a + 20, r*k + k - 2*a = 237. Is k a composite number?
True
Let b(s) = 148*s - 21. Is b(5) a prime number?
True
Let k = 9 + -4. Suppose -5*c - 720 = -k*z, 3*z + 2*c - 755 = -2*z. Is z a prime number?
True
Let u be (-21)/4 - 1/(-4). Let k(w) = 1 + w**2 - 4*w + 2*w + 3*w. Is k(u) a composite number?
True
Let o(t) = 3*t**2 + 3*t + 5. Is o(-5) a composite number?
True
Suppose -h = -0*h + 25. Let m = 48 + h. Is m a prime number?
True
Is (933/6)/((-3)/(-18)) a prime number?
False
Let s(a) = 10*a**2 + 5*a + 1. Is s(-6) prime?
True
Suppose -15 = -4*h + 5. Suppose 0 = -h*f + 4*p + 174, -f + 4*p = p - 37. Is f prime?
False
Is ((-74)/4)/((-3)/42) a composite number?
True
Let q = -1186 + 2225. Is q a composite number?
False
Let v = -4 - -6. Is 3/(-1 - v)*-187 prime?
False
Suppose 5*l + 12 = 2*l. Suppose m - 3*m + 12 = -2*k, k = -4*m + 29. Let z = m - l. Is z composite?
False
Let y(n) = -35*n - 40. Let g(b) = -b + 1. Let d(w) = -30*g(w) - y(w). Is d(5) a composite number?
True
Suppose 0 = 2*i + 3*p - p - 4, 2*p = -3*i + 7. Let z(d) = 112*d - 7. Is z(i) prime?
False
Let x(t) = 2*t**2 + 1 - 9*t + 4*t**2 - 3*t**2. Is x(6) a prime number?
False
Let n(h) = 6*h**2 - 12*h + 5. Is n(8) composite?
False
Let d = 99 + 416. Is d prime?
False
Let h(n) = 2*n - 3 - 1 - 6. Let a be h(7). Suppose 4*j = 3*f - 72 - 17, -2*f + a*j = -58. Is f a composite number?
False
Suppose 4*j + 4 = 0, -4*j - 29 = -u + 17. Suppose -92 = -2*o + u. Is o a composite number?
False
Suppose 0 = j - 2*h + 5*h - 218, 0 = -5*j + 2*h + 1107. Is j prime?
False
Let n = 6 + -10. Is n - (-4 + 7 - 396) prime?
True
Suppose -5*a = -3776 - 10389. Is a composite?
False
Is 727/((-40)/(-35) + -1) prime?
False
Let c(k) = 9*k**2 + 9*k - 5. Is c(-6) composite?
True
Let y(b) = 14*b**2 - 1. Suppose -3*f + 5 = -2*l - 0*l, 2*l = -3*f + 1. Is y(f) composite?
False
Suppose 0 = -0*h + h + 6. Let o(v) = 3*v - 15*v + 5 - 6*v. Is o(h) a prime number?
True
Suppose m = 206 + 479. Is m prime?
False
Is 10/(-6) - (-441998)/93 composite?
False
Suppose 2*p = -0*p - 4. Is p/5 - (-935)/25 a prime number?
True
Suppose 7*o - 1477 - 1974 = 0. Is o a composite number?
True
Suppose 13 = -g - 0*g. Suppose i - 8 = -3, -5*x = 2*i - 110. Let m = x - g. Is m a prime number?
False
Let a be -2 + 4 - 1 - 1. Is (2 - -1*11) + a prime?
True
Suppose 7*h - 6*h = 191. Is h a prime number?
True
Let k(x) = 61 + x**2 + x**2 - x**2 + 3. Let r be k(0). Suppose 335 = 5*s - 2*c, -c - r = -s - 0*s. Is s a composite number?
True
Suppose 9*m + 4 = 10*m. Suppose -529 = -m*q - w, -181 - 478 = -5*q - 2*w. Is q a prime number?
False
Suppose 0 = -3*g - 4*f + 1105, 3*g + 4*f - 1107 = f. Is g a composite number?
True
Let g = -16 + -4. Is (-708)/g + (-2)/5 a composite number?
True
Let q = 936 + -601. Is q prime?
False
Let a be 19/(-4) + 3/4. 